of 377922?
2, 3, 62987
List the prime factors of 1106257.
1106257
List the prime factors of 4027932.
2, 3, 127, 881
What are the prime factors of 214144?
2, 7, 239
What are the prime factors of 432990?
2, 3, 5, 17, 283
What are the prime factors of 47675?
5, 1907
What are the prime factors of 1830387?
3, 13, 46933
What are the prime factors of 6317853?
3, 29, 101, 719
What are the prime factors of 125946?
2, 3, 6997
What are the prime factors of 1122069?
3, 13, 28771
List the prime factors of 2306523.
3, 768841
What are the prime factors of 33802023?
3, 29, 388529
List the prime factors of 51470.
2, 5, 5147
List the prime factors of 396818.
2, 198409
What are the prime factors of 23837831?
4759, 5009
List the prime factors of 351304.
2, 43913
List the prime factors of 206497.
37, 5581
List the prime factors of 298268.
2, 74567
What are the prime factors of 233186?
2, 116593
What are the prime factors of 1039626?
2, 3, 7, 37, 223
What are the prime factors of 10453671?
3, 387173
What are the prime factors of 1872426?
2, 3, 312071
What are the prime factors of 294693?
3, 7, 14033
List the prime factors of 3014502.
2, 3, 19, 31, 853
What are the prime factors of 437543?
437543
What are the prime factors of 181988?
2, 45497
What are the prime factors of 23674341?
3, 139, 56773
List the prime factors of 7372160.
2, 5, 11519
List the prime factors of 106243.
106243
What are the prime factors of 26774892?
2, 3, 743747
What are the prime factors of 6323178?
2, 3, 1053863
What are the prime factors of 186234?
2, 3, 31039
List the prime factors of 846075.
3, 5, 29, 389
What are the prime factors of 1522038?
2, 3, 7, 31, 167
What are the prime factors of 1276755?
3, 5, 47, 1811
List the prime factors of 7897702.
2, 139, 28409
What are the prime factors of 8710280?
2, 5, 71, 3067
List the prime factors of 762163.
37, 20599
What are the prime factors of 6806233?
7, 972319
List the prime factors of 571672.
2, 19, 3761
What are the prime factors of 209714?
2, 23, 47, 97
List the prime factors of 330230.
2, 5, 33023
What are the prime factors of 1741348?
2, 7, 62191
List the prime factors of 4736191.
233, 20327
What are the prime factors of 10932947?
101, 108247
List the prime factors of 4678262.
2, 2339131
What are the prime factors of 14060271?
3, 179, 26183
List the prime factors of 8884008.
2, 3, 7, 17627
List the prime factors of 7940486.
2, 151, 26293
List the prime factors of 33238.
2, 16619
What are the prime factors of 1905008?
2, 7, 73, 233
List the prime factors of 356641.
67, 5323
List the prime factors of 4415139.
3, 490571
What are the prime factors of 816980?
2, 5, 40849
What are the prime factors of 13653285?
3, 5, 910219
List the prime factors of 228007.
13, 17539
List the prime factors of 603311.
603311
What are the prime factors of 3033066?
2, 3, 505511
List the prime factors of 6348905.
5, 17, 113, 661
List the prime factors of 46542.
2, 3, 7757
List the prime factors of 37683276.
2, 3, 3140273
List the prime factors of 1902110.
2, 5, 7, 29, 937
List the prime factors of 113923.
37, 3079
What are the prime factors of 687171?
3, 23, 433
What are the prime factors of 9502244?
2, 31, 76631
List the prime factors of 24811173.
3, 2756797
What are the prime factors of 2147442?
2, 3, 11, 32537
List the prime factors of 4878233.
4878233
List the prime factors of 1639170.
2, 3, 5, 13, 467
What are the prime factors of 71416?
2, 79, 113
What are the prime factors of 23855463?
3, 1201, 2207
List the prime factors of 3238183.
13, 223, 1117
List the prime factors of 32639.
127, 257
What are the prime factors of 4285006?
2, 11, 31, 61, 103
What are the prime factors of 3273375?
3, 5, 7, 29, 43
What are the prime factors of 658732?
2, 164683
What are the prime factors of 133696?
2, 2089
What are the prime factors of 364354?
2, 182177
List the prime factors of 11044605.
3, 5, 11, 13, 19, 271
List the prime factors of 2841229.
157, 18097
List the prime factors of 632225.
5, 11, 19
What are the prime factors of 46503?
3, 5167
List the prime factors of 2172918.
2, 3, 11, 41, 73
What are the prime factors of 8027809?
29, 276821
List the prime factors of 8941496.
2, 347, 3221
List the prime factors of 403256.
2, 7, 19, 379
What are the prime factors of 683532?
2, 3, 6329
What are the prime factors of 4973240?
2, 5, 101, 1231
What are the prime factors of 550511?
13, 17, 47, 53
What are the prime factors of 13080?
2, 3, 5, 109
What are the prime factors of 12326543?
12326543
What are the prime factors of 284978?
2, 89, 1601
What are the prime factors of 716404?
2, 13, 23, 599
What are the prime factors of 219510?
2, 3, 5, 271
List the prime factors of 1442120.
2, 5, 31, 1163
List the prime factors of 622288.
2, 19, 23, 89
List the prime factors of 9446923.
107, 88289
What are the prime factors of 647160?
2, 3, 5, 5393
What are the prime factors of 1769951?
223, 7937
What are the prime factors of 2105259?
3, 13, 23, 2347
List the prime factors of 706542.
2, 3, 117757
What are the prime factors of 136269?
3, 7, 103
List the prime factors of 600252.
2, 3, 50021
What are the prime factors of 161569?
161569
List the prime factors of 25258327.
25258327
List the prime factors of 27578.
2, 13789
What are the prime factors of 17317995?
3, 5, 31, 37243
What are the prime factors of 234058?
2, 11, 10639
What are the prime factors of 22423830?
2, 3, 5, 11, 13, 5227
What are the prime factors of 88866?
2, 3, 4937
What are the prime factors of 14179171?
14179171
What are the prime factors of 1344706?
2, 11, 19, 3217
List the prime factors of 15798981.
3, 11, 41, 11677
What are the prime factors of 24940?
2, 5, 29, 43
What are the prime factors of 381708?
2, 3, 23, 461
List the prime factors of 965594.
2, 7, 59, 167
List the prime factors of 15745006.
2, 1039, 7577
What are the prime factors of 7677635?
5, 7, 219361
What are the prime factors of 806867?
29, 27823
List the prime factors of 10978105.
5, 19, 73, 1583
What are the prime factors of 2626754?
2, 13, 31, 3259
List the prime factors of 422421.
3, 139, 1013
List the prime factors of 1237921.
53, 23357
List the prime factors of 1455093.
3, 107, 1511
List the prime factors of 1684841.
373, 4517
List the prime factors of 2608372.
2, 13, 103, 487
What are the prime factors of 1577444?
2, 11, 35851
What are the prime factors of 8468365?
5, 73, 23201
What are the prime factors of 283166?
2, 13, 10891
What are the prime factors of 3314397?
3, 43, 25693
What are the prime factors of 6522190?
2, 5, 47, 13877
List the prime factors of 1346022.
2, 3, 74779
List the prime factors of 414269.
414269
List the prime factors of 168784.
2, 7, 11, 137
List the prime factors of 2314764.
2, 3, 21433
List the prime factors of 313947.
3, 34883
What are the prime factors of 250746?
2, 3, 23, 79
What are the prime factors of 25298058?
2, 3, 4216343
What are the prime factors of 147921?
3, 49307
What are the prime factors of 9064727?
7, 223, 5807
List the prime factors of 348622.
2, 174311
List the prime factors of 194553.
3, 21617
What are the prime factors of 216662?
2, 127, 853
List the prime factors of 8105320.
2, 5, 97, 2089
List the prime factors of 14776085.
5, 2955217
What are the prime factors of 26954?
2, 13477
What are the prime factors of 32367391?
7, 660559
List the prime factors of 5501402.
2, 79, 34819
List the prime factors of 2401929.
3, 37, 7213
List the prime factors of 306766.
2, 163, 941
What are the prime factors of 26116800?
2, 3, 5, 5441
What are the prime factors of 10274052?
2, 3, 17, 50363
List the prime factors of 338191.
7, 48313
List the prime factors of 693974.
2, 17, 20411
What are the prime factors of 3151669?
3151669
List the prime factors of 8082887.
107, 75541
List the prime factors of 72238.
2, 19, 1901
What are the prime factors of 6971919?
3, 29, 127, 631
List the prime factors of 189512.
2, 23689
List the prime factors of 404117.
7, 57731
What are the prime factors of 480733?
11, 29, 137
What are the prime factors of 1622622?
2, 3, 270437
List the prime factors of 817265.
5, 149, 1097
List the prime factors of 7115614.
2, 11, 19, 29, 587
What are the prime factors of 3012214?
2, 131, 11497
List the prime factors of 3874426.
2, 1201, 1613
What are the prime factors of 192366?
2, 3, 10687
List the prim